e factors of f?
5
Let z = -49 - -141. List the prime factors of z.
2, 23
Suppose 3*z - 4*l - 35 = -0*z, 4*z - 44 = 4*l. What are the prime factors of z?
3
Suppose -28 = 3*d - 124. Suppose -4*y = -6*y + d. What are the prime factors of y?
2
Let m(b) = b - 2. Let f be m(7). Suppose -3*w - f = -8*w. What are the prime factors of (-9)/(-3) + w - 0?
2
Let b = -4 - -8. Let y(h) = b*h + 0 + 1 - 2. What are the prime factors of y(4)?
3, 5
List the prime factors of (8/(-10))/((-4)/50).
2, 5
Let a(l) = 7*l**2 + 4*l. What are the prime factors of a(4)?
2
Suppose 2 = -0*m + 2*m. Let t be (m + -2)/((-1)/3). Suppose -3*f - 7 = 3*r - 19, t*f + 28 = 5*r. List the prime factors of r.
5
Let w = 86 + -18. What are the prime factors of w?
2, 17
Suppose 0 = 2*m - 5 + 1. Let f be 0/((m + 1)/3). Suppose 5*o + 2*i - 13 = f, -4*i = -0*o + 2*o - 2. What are the prime factors of o?
3
Let k = 17 + -28. Let g = k + 28. What are the prime factors of g?
17
Suppose -3*r + 2*r = -33. What are the prime factors of r?
3, 11
Let p = 9 - -35. What are the prime factors of p?
2, 11
Suppose -x = 2*x - 408. List the prime factors of x.
2, 17
Suppose s = -5*r + 56, 0 = -3*s - 0*r - 2*r + 142. Suppose 2*p = 0, 2*h - s = -4*p + 2*p. Let m = -10 + h. What are the prime factors of m?
13
Let m(u) = 6*u - 6. Let i be m(4). Suppose y = 4*y - i. List the prime factors of y.
2, 3
Let c = -12 + 39. List the prime factors of c.
3
Let f = -5 + 4. List the prime factors of -3*((-14)/(-3))/f.
2, 7
Let n = 8 - 6. Suppose 2*r - h - 7 = 0, -5*h + 0 = 2*r - 1. Suppose r*u - 3 = -2*i, n*i - 4*i - u = -5. List the prime factors of i.
3
Let p = -37 + 43. What are the prime factors of p?
2, 3
Let h be 14/8 - (-1)/4. Suppose h*f = -f + 60. Suppose -o - o = -f. List the prime factors of o.
2, 5
Let g = 9 - 19. Let j = -1 - g. What are the prime factors of j?
3
Let m be -1 + -5 - -1 - -1. Let t(q) = q + 8. Let c be t(m). Suppose p - 20 = 5*l, -c*p + 2*l - 3*l = -17. What are the prime factors of p?
5
Suppose -n = 2*n - 1191. What are the prime factors of n?
397
Suppose 5*g = 2*v + 15, -2*v + g - 2 = 1. Suppose 9*l - 4*l - 45 = v. What are the prime factors of l?
3
Suppose -3*q - 3*u - 7 = 65, -2*q + 2*u - 52 = 0. Suppose -21 = 2*n + 3. Let p = n - q. List the prime factors of p.
13
Suppose -2*f + 46 = -10. What are the prime factors of f/(-6)*18/(-12)?
7
Suppose -h + 2*h = 18. List the prime factors of h.
2, 3
Suppose 16 + 31 = c. Let s = 74 - c. List the prime factors of s/2*4/6.
3
Suppose 2*j - 4*j - 6 = 0, 5*a + 5*j = -55. Let x be (-7)/(-2) + (-1)/2. List the prime factors of x + -2 - (a - 3).
2, 3
Let i(u) = -3*u - 4*u + 5*u**2 + 2*u - 4*u**2 - 6. What are the prime factors of i(7)?
2
Let s(a) be the second derivative of 1/6*a**3 + 13/2*a**2 + 0 + 2*a. What are the prime factors of s(-9)?
2
Suppose 47 = -3*l - 4*v + 127, -60 = -4*l + 4*v. Suppose 3*x = -x + l. What are the prime factors of x?
5
Suppose 3*b - 4*x = -2*b - 12, -12 = -b - 4*x. Suppose 5*d - 3*r + 0*r - 59 = b, 3*d + r - 27 = 0. What are the prime factors of d?
2, 5
Let y = -152 + 294. What are the prime factors of y?
2, 71
Suppose 0 = -l - 2*d - 1 - 5, 3*d = 0. Let h be l/(-4)*(-1 - -3). Suppose h*q - 2*q - 6 = 0. What are the prime factors of q?
2, 3
Let h(u) = 2*u**2 + u + 8. Let q be h(-8). Suppose 3*l + q = -l. Let n = l + 55. List the prime factors of n.
23
Suppose -2*i = 39 - 7. Let d be (-20)/(-16)*i/(-2). Suppose 3*c + 5*h - d = -4, -10 = -5*c + h. What are the prime factors of c?
2
Suppose -105 + 471 = 3*g. Suppose -2*o + 72 = 4*k, -4*o + o + k = -g. What are the prime factors of o?
2, 5
Let w(m) = m**2 - 6*m + 2. Let l be w(5). Let g be 12/(-16) - 30/(-8). What are the prime factors of (-22)/l - (-2)/g?
2
Suppose 0 = -u + 5, 5*q - 4*u - 6 = -16. Let h(c) = -c - 2 + 3*c + q - 3. List the prime factors of h(10).
17
Let g be 10/4 - 4/8. List the prime factors of (2/1)/(2/g).
2
Let o(l) = l**2 + 14*l - 71. What are the prime factors of o(-22)?
3, 5, 7
Let i = 1 + -1. Let v be -3 + 1 - (i - 2). Suppose -2*l = -3*y + 17, 4*y - 22 = 2*l - v*l. List the prime factors of y.
5
Let d = 174 - 103. What are the prime factors of d?
71
Let l(f) be the second derivative of f**5/20 - 7*f**4/12 + 7*f**3/6 + f**2 - 2*f. Let c = 12 + -6. What are the prime factors of l(c)?
2
Let g(u) = -u - 2. Let a be g(-6). Let n(i) = -i**3 - 6*i**2 + 6*i + 1. Let h be n(-7). Let c = h - a. List the prime factors of c.
2
Let o(p) = 4*p**2 - p + 5. What are the prime factors of o(-3)?
2, 11
Suppose 2*q - 2 - 2 = 0. Suppose 3*c = 4*c - q. Suppose -3 = -c*k + k. List the prime factors of k.
3
Let j be (-5)/15*(-2 - 7). Suppose -j*x = 5*f - 71, -3*x - 2*x - 3*f = -97. List the prime factors of x.
17
List the prime factors of (34/6 + -1)*(-2700)/(-105).
2, 3, 5
What are the prime factors of ((-30)/(-4))/((-5)/(-10))?
3, 5
Suppose -d - 3 = 2*d + 3*i, -4*d + 2*i + 26 = 0. Suppose -4*x + 2*x - d = 5*l, -4*l + 6 = -3*x. Suppose l*n = 5*n - 10. List the prime factors of n.
2
Suppose -17*z + 3201 = -6*z. List the prime factors of z.
3, 97
What are the prime factors of (9 - 3)*(-32)/(-3)?
2
Suppose 13 = 5*r + 3*m, 0 = 5*r - 7*m + 3*m - 41. Let a = -7 + 10. Suppose a*b - 2*b = r. What are the prime factors of b?
5
What are the prime factors of (-123)/(-2)*(-52)/(-13)?
2, 3, 41
Let w(j) = -j**2 - 4*j + 4. Let l be w(-4). Let f be (-59)/(-4) - (-1)/l. Let h = -5 + f. What are the prime factors of h?
2, 5
What are the prime factors of (20/(-3))/(2/(-9))?
2, 3, 5
What are the prime factors of 69960/275 + 3*1/5?
3, 5, 17
Let g(u) be the second derivative of -u**4/12 + u**3 + 7*u**2/2 - 4*u. List the prime factors of g(6).
7
Let q = 223 + -86. What are the prime factors of q?
137
Let c be -33*(0 + 0 + -2). Let i = -45 + c. List the prime factors of i.
3, 7
Suppose -f = 2*f - 6. Suppose -3*i = 12, -4*t = -f*t - 5*i - 50. What are the prime factors of t?
3, 5
Let k(c) = 2*c - 7. Let j be k(5). Suppose -j*t + 0*t = -138. What are the prime factors of t?
2, 23
Let x(o) = -5*o + 21. List the prime factors of x(-11).
2, 19
Let x(z) = 3*z + 5. Suppose 0 = 2*i - 0*i - 8. List the prime factors of x(i).
17
Suppose -u = 3*h - 2, 5*u = -0*u - 2*h - 3. Let i = 7 + u. What are the prime factors of i?
2, 3
Let v(x) = -5*x - 18. What are the prime factors of v(-13)?
47
Suppose g = -4*n + 141, -n - 3*g + g + 37 = 0. Suppose -n = 5*i + 2*v - 231, 3*v + 86 = 2*i. Suppose -4*t + i = 4. What are the prime factors of t?
3
List the prime factors of (-8)/(-2 + -2)*2.
2
Suppose 4*m + 36 = 4*z, 2*m + 26 + 22 = 5*z. List the prime factors of z.
2, 5
Let d = 79 + -36. List the prime factors of d.
43
Suppose -109 = -x + 39. What are the prime factors of x?
2, 37
Let v be 28*-1 + (-4 - -3). Let i = -17 - v. What are the prime factors of i?
2, 3
Let h(y) = y**2 - 3*y - 2. Let r be h(3). Let p be (5 + -5)*r/4. Suppose 6*f - f - 60 = p. What are the prime factors of f?
2, 3
Let q = 4 + 5. Suppose -q*k + 28 = -5*k. List the prime factors of k.
7
Let v be 85/7 - (-1)/(-7). Suppose 4*a = -v, -2*a = -5*d - 4*a + 9. What are the prime factors of d?
3
Let r = -5 + 9. Suppose 20 - r = 4*x. Suppose -x*z + 25 = z. What are the prime factors of z?
5
Suppose -v = 5*w - 0*w - 82, -v + 58 = -3*w. List the prime factors of v.
67
Let u(b) = b - 2. Let k = 6 + 0. Let h be u(k). Suppose -h*n + 17 = 5*d, -3*d = -7*d - 4*n + 12. What are the prime factors of d?
5
Let b(i) be the third derivative of i**5/60 - i**4/6 + i**3/6 - i**2. What are the prime factors of b(6)?
13
Let w(l) = 14*l**2 + 7*l + 4. Let k be w(-4). Suppose o = 5*o + k. Let c = o + 70. List the prime factors of c.
2, 5
Suppose -554 = -5*q + 71. What are the prime factors of q?
5
Suppose -h = 3*q - 268, -h + 1020 = 3*h - q. List the prime factors of h.
2
Suppose 78 = 2*t + 10. List the prime factors of t.
2, 17
Suppose -n + 20 = 4*n. Let z be 1*(-4)/(n/(-3)). Suppose -4*g = -3*w + 1, -2*w + z*w + 3*g - 9 = 0. What are the prime factors of w?
3
Suppose a + b = 26, -a - a + 17 = -5*b. List the prime factors of a.
3, 7
Suppose 0 = -5*j + 3*j - a + 2, -6 = 2*j + 3*a. Suppose j*k - k - 24 = 0. What are the prime factors of k?
2, 3
Suppose 6*p + 368 = 1118. List the prime factors of p.
5
Let l(t) be the third derivative of t**4/24 + 7*t**3/6 - 2*t**2. Let n be l(-8). L